{"id":246,"date":"2017-07-27T16:21:03","date_gmt":"2017-07-27T16:21:03","guid":{"rendered":"http:\/\/estampillascr.com\/blog-es\/?page_id=246"},"modified":"2019-07-19T03:44:07","modified_gmt":"2019-07-19T03:44:07","slug":"9-dos-reales-primera-emision-6p-inglaterra","status":"publish","type":"page","link":"https:\/\/estampillascr.com\/blog-es\/9-dos-reales-primera-emision-6p-inglaterra\/","title":{"rendered":"#9: Sobre de dos reales de primera emisi\u00f3n y 6p de Inglaterra"},"content":{"rendered":"<hr \/>\n<p><img fetchpriority=\"high\" decoding=\"async\" class=\"aligncenter wp-image-182 size-full\" src=\"http:\/\/estampillascr.com\/blog-es\/wp-content\/uploads\/2017\/07\/108.jpg\" alt=\"dos reales de primera emisi\u00f3n\" width=\"425\" height=\"254\" srcset=\"https:\/\/estampillascr.com\/blog-es\/wp-content\/uploads\/2017\/07\/108.jpg 425w, https:\/\/estampillascr.com\/blog-es\/wp-content\/uploads\/2017\/07\/108-300x179.jpg 300w\" sizes=\"(max-width: 425px) 100vw, 425px\" \/><\/p>\n<p style=\"text-align: center;\">Carta doblada enviada de Inglaterra a Per\u00fa. Con un dos reales de primera emisi\u00f3n y 6p (estampilla de Inglaterra). El dos reales de primera emisi\u00f3n tiene una cancelaci\u00f3n en \u00f3valo de San Jos\u00e9. La estampilla de inglaterra tiene cancelaci\u00f3n de barril \u00abC35\u00bb de la oficina postal birt\u00e1nica en Panam\u00e1. En el reverso est\u00e1 el recibo en Per\u00fa \u00abLima\/25 Set 72\/Correos\u00bb.<\/p>\n<p style=\"text-align: center;\">El dos reales de primera emisi\u00f3n pag\u00f3 el porte al exterior. La estampilla de Inglaterra era requerida para el servicio brit\u00e1nico de barco de Panam\u00e1 a Per\u00fa. Ambas estampillas fueron adheridas a la carta por el remitente. Sin embargo la estampilla de Inglaterra no fue cancelada si no hasta llegar a Panam\u00e1. Desde Panam\u00e1 esas cartas ser\u00edan transportadas por la Pacific Steam Navigation Company. Esta operaba desde Panam\u00e1 hacia el sur a Payta, Ecuador, Callao, Per\u00fa siguiendo hasta terminar su recorrido en Chile. Una combinaci\u00f3n de porte extremadamente rara para los filatelistas de Costa Rica e Inglaterra.<\/p>\n<p style=\"text-align: center;\"><strong>Precio de venta: $30,000<\/strong><\/p>\n<h6 style=\"text-align: center;\">&lt;-<a href=\"http:\/\/estampillascr.com\/blog-es\/10-medio-real-primera-emision-bisectado\/\">Anterior<\/a>\u00a0\u00a0\u00a0\u00a0 <a href=\"http:\/\/estampillascr.com\/blog-es\/8-cuatro-reales-primera-emision-uso-temprano\/\">Siguiente<\/a>-&gt;<\/h6>\n<p><strong>No olvide visitar la <a href=\"http:\/\/philasupplies.com\/stamp-collecting-supplies-list\/\" target=\"_blank\" rel=\"noopener\">lista de accesorios filat\u00e9licos<\/a>!<\/strong><\/p>\n<p>No deje de leer nuestros <a href=\"https:\/\/estampillascr.com\/blog-es\/consejos-para-coleccionar-estampillas-o-sellos-de-correo-en-el-siglo-xxi\/\">consejos para coleccionar estampillas en el siglo XXI<\/a>.<\/p>\n<p>Para proteger sus estampillas y tarjetas de las manchas y da\u00f1os recomendamos los <a href=\"http:\/\/amzn.to\/2y6iGqh\">clasificadores Lighthouse<\/a>.<\/p>\n<p><a href=\"http:\/\/amzn.to\/2gjdHMO\">Microscopio digital de 5 MP Celestron.<\/a><\/p>\n<p>Proteja sus pliegos y documentos de gran tama\u00f1o con estas <a href=\"http:\/\/estampillascr.com\/blog\/best-way-store-and-handle-full-stamp-panes\/\">fundas protectoras.<\/a><\/p>\n<p><a href=\"https:\/\/amzn.to\/2SpsVyw\">Medidor de perforaciones manual<\/a>.<\/p>\n<p><a href=\"http:\/\/amzn.to\/2yDcp3J\">Medidor de perforaciones electr\u00f3nico de alta precisi\u00f3n.<\/a><\/p>\n","protected":false},"excerpt":{"rendered":"<p>Carta doblada enviada de Inglaterra a Per\u00fa. Con un dos reales de primera emisi\u00f3n y 6p (estampilla de Inglaterra). El dos reales de primera emisi\u00f3n tiene una cancelaci\u00f3n en \u00f3valo de San Jos\u00e9. La estampilla de inglaterra tiene cancelaci\u00f3n de barril \u00abC35\u00bb de la oficina postal birt\u00e1nica en Panam\u00e1. En el reverso est\u00e1 el recibo &hellip; <\/p>\n<p class=\"link-more\"><a href=\"https:\/\/estampillascr.com\/blog-es\/9-dos-reales-primera-emision-6p-inglaterra\/\" class=\"more-link\">Continuar leyendo<span class=\"screen-reader-text\"> \u00ab#9: Sobre de dos reales de primera emisi\u00f3n y 6p de Inglaterra\u00bb<\/span><\/a><\/p>\n","protected":false},"author":1,"featured_media":0,"parent":0,"menu_order":0,"comment_status":"closed","ping_status":"closed","template":"","meta":{"_monsterinsights_skip_tracking":false,"_monsterinsights_sitenote_active":false,"_monsterinsights_sitenote_note":"","_monsterinsights_sitenote_category":0,"footnotes":""},"class_list":["post-246","page","type-page","status-publish","hentry"],"yoast_head":"<!-- This site is optimized with the Yoast SEO plugin v19.12 - https:\/\/yoast.com\/wordpress\/plugins\/seo\/ -->\n<title>#9: Sobre de dos reales de primera emisi\u00f3n y 6p de Inglaterra - Estampillas de Costa Rica<\/title>\n<meta name=\"robots\" content=\"index, follow, max-snippet:-1, max-image-preview:large, max-video-preview:-1\" \/>\n<link rel=\"canonical\" href=\"https:\/\/estampillascr.com\/blog-es\/9-dos-reales-primera-emision-6p-inglaterra\/\" \/>\n<meta property=\"og:locale\" content=\"es_ES\" \/>\n<meta property=\"og:type\" content=\"article\" \/>\n<meta property=\"og:title\" content=\"#9: Sobre de dos reales de primera emisi\u00f3n y 6p de Inglaterra - Estampillas de Costa Rica\" \/>\n<meta property=\"og:description\" content=\"Carta doblada enviada de Inglaterra a Per\u00fa. Con un dos reales de primera emisi\u00f3n y 6p (estampilla de Inglaterra). El dos reales de primera emisi\u00f3n tiene una cancelaci\u00f3n en \u00f3valo de San Jos\u00e9. La estampilla de inglaterra tiene cancelaci\u00f3n de barril \u00abC35\u00bb de la oficina postal birt\u00e1nica en Panam\u00e1. En el reverso est\u00e1 el recibo &hellip; Continuar leyendo &quot;#9: Sobre de dos reales de primera emisi\u00f3n y 6p de Inglaterra&quot;\" \/>\n<meta property=\"og:url\" content=\"https:\/\/estampillascr.com\/blog-es\/9-dos-reales-primera-emision-6p-inglaterra\/\" \/>\n<meta property=\"og:site_name\" content=\"Estampillas de Costa Rica\" \/>\n<meta property=\"article:modified_time\" content=\"2019-07-19T03:44:07+00:00\" \/>\n<meta property=\"og:image\" content=\"http:\/\/estampillascr.com\/blog-es\/wp-content\/uploads\/2017\/07\/108.jpg\" \/>\n<meta name=\"twitter:card\" content=\"summary_large_image\" \/>\n<meta name=\"twitter:label1\" content=\"Tiempo de lectura\" \/>\n\t<meta name=\"twitter:data1\" content=\"1 minuto\" \/>\n<script type=\"application\/ld+json\" class=\"yoast-schema-graph\">{\"@context\":\"https:\/\/schema.org\",\"@graph\":[{\"@type\":\"WebPage\",\"@id\":\"https:\/\/estampillascr.com\/blog-es\/9-dos-reales-primera-emision-6p-inglaterra\/\",\"url\":\"https:\/\/estampillascr.com\/blog-es\/9-dos-reales-primera-emision-6p-inglaterra\/\",\"name\":\"#9: Sobre de dos reales de primera emisi\u00f3n y 6p de Inglaterra - Estampillas de Costa Rica\",\"isPartOf\":{\"@id\":\"https:\/\/estampillascr.com\/blog-es\/#website\"},\"datePublished\":\"2017-07-27T16:21:03+00:00\",\"dateModified\":\"2019-07-19T03:44:07+00:00\",\"breadcrumb\":{\"@id\":\"https:\/\/estampillascr.com\/blog-es\/9-dos-reales-primera-emision-6p-inglaterra\/#breadcrumb\"},\"inLanguage\":\"es\",\"potentialAction\":[{\"@type\":\"ReadAction\",\"target\":[\"https:\/\/estampillascr.com\/blog-es\/9-dos-reales-primera-emision-6p-inglaterra\/\"]}]},{\"@type\":\"BreadcrumbList\",\"@id\":\"https:\/\/estampillascr.com\/blog-es\/9-dos-reales-primera-emision-6p-inglaterra\/#breadcrumb\",\"itemListElement\":[{\"@type\":\"ListItem\",\"position\":1,\"name\":\"Portada\",\"item\":\"https:\/\/estampillascr.com\/blog-es\/\"},{\"@type\":\"ListItem\",\"position\":2,\"name\":\"#9: Sobre de dos reales de primera emisi\u00f3n y 6p de Inglaterra\"}]},{\"@type\":\"WebSite\",\"@id\":\"https:\/\/estampillascr.com\/blog-es\/#website\",\"url\":\"https:\/\/estampillascr.com\/blog-es\/\",\"name\":\"Estampillas de Costa Rica\",\"description\":\"Su fuente de conocimiento filat\u00e9lico (estampillas, historia postal, timbres, tarjetas y mas!)\",\"publisher\":{\"@id\":\"https:\/\/estampillascr.com\/blog-es\/#organization\"},\"potentialAction\":[{\"@type\":\"SearchAction\",\"target\":{\"@type\":\"EntryPoint\",\"urlTemplate\":\"https:\/\/estampillascr.com\/blog-es\/?s={search_term_string}\"},\"query-input\":\"required name=search_term_string\"}],\"inLanguage\":\"es\"},{\"@type\":\"Organization\",\"@id\":\"https:\/\/estampillascr.com\/blog-es\/#organization\",\"name\":\"Estampillas de Costa Rica\",\"url\":\"https:\/\/estampillascr.com\/blog-es\/\",\"logo\":{\"@type\":\"ImageObject\",\"inLanguage\":\"es\",\"@id\":\"https:\/\/estampillascr.com\/blog-es\/#\/schema\/logo\/image\/\",\"url\":\"https:\/\/estampillascr.com\/blog-es\/wp-content\/uploads\/2017\/06\/cropped-logotienda.png\",\"contentUrl\":\"https:\/\/estampillascr.com\/blog-es\/wp-content\/uploads\/2017\/06\/cropped-logotienda.png\",\"width\":988,\"height\":250,\"caption\":\"Estampillas de Costa Rica\"},\"image\":{\"@id\":\"https:\/\/estampillascr.com\/blog-es\/#\/schema\/logo\/image\/\"}}]}<\/script>\n<!-- \/ Yoast SEO plugin. -->","yoast_head_json":{"title":"#9: Sobre de dos reales de primera emisi\u00f3n y 6p de Inglaterra - Estampillas de Costa Rica","robots":{"index":"index","follow":"follow","max-snippet":"max-snippet:-1","max-image-preview":"max-image-preview:large","max-video-preview":"max-video-preview:-1"},"canonical":"https:\/\/estampillascr.com\/blog-es\/9-dos-reales-primera-emision-6p-inglaterra\/","og_locale":"es_ES","og_type":"article","og_title":"#9: Sobre de dos reales de primera emisi\u00f3n y 6p de Inglaterra - Estampillas de Costa Rica","og_description":"Carta doblada enviada de Inglaterra a Per\u00fa. Con un dos reales de primera emisi\u00f3n y 6p (estampilla de Inglaterra). El dos reales de primera emisi\u00f3n tiene una cancelaci\u00f3n en \u00f3valo de San Jos\u00e9. La estampilla de inglaterra tiene cancelaci\u00f3n de barril \u00abC35\u00bb de la oficina postal birt\u00e1nica en Panam\u00e1. En el reverso est\u00e1 el recibo &hellip; Continuar leyendo \"#9: Sobre de dos reales de primera emisi\u00f3n y 6p de Inglaterra\"","og_url":"https:\/\/estampillascr.com\/blog-es\/9-dos-reales-primera-emision-6p-inglaterra\/","og_site_name":"Estampillas de Costa Rica","article_modified_time":"2019-07-19T03:44:07+00:00","og_image":[{"url":"http:\/\/estampillascr.com\/blog-es\/wp-content\/uploads\/2017\/07\/108.jpg"}],"twitter_card":"summary_large_image","twitter_misc":{"Tiempo de lectura":"1 minuto"},"schema":{"@context":"https:\/\/schema.org","@graph":[{"@type":"WebPage","@id":"https:\/\/estampillascr.com\/blog-es\/9-dos-reales-primera-emision-6p-inglaterra\/","url":"https:\/\/estampillascr.com\/blog-es\/9-dos-reales-primera-emision-6p-inglaterra\/","name":"#9: Sobre de dos reales de primera emisi\u00f3n y 6p de Inglaterra - Estampillas de Costa Rica","isPartOf":{"@id":"https:\/\/estampillascr.com\/blog-es\/#website"},"datePublished":"2017-07-27T16:21:03+00:00","dateModified":"2019-07-19T03:44:07+00:00","breadcrumb":{"@id":"https:\/\/estampillascr.com\/blog-es\/9-dos-reales-primera-emision-6p-inglaterra\/#breadcrumb"},"inLanguage":"es","potentialAction":[{"@type":"ReadAction","target":["https:\/\/estampillascr.com\/blog-es\/9-dos-reales-primera-emision-6p-inglaterra\/"]}]},{"@type":"BreadcrumbList","@id":"https:\/\/estampillascr.com\/blog-es\/9-dos-reales-primera-emision-6p-inglaterra\/#breadcrumb","itemListElement":[{"@type":"ListItem","position":1,"name":"Portada","item":"https:\/\/estampillascr.com\/blog-es\/"},{"@type":"ListItem","position":2,"name":"#9: Sobre de dos reales de primera emisi\u00f3n y 6p de Inglaterra"}]},{"@type":"WebSite","@id":"https:\/\/estampillascr.com\/blog-es\/#website","url":"https:\/\/estampillascr.com\/blog-es\/","name":"Estampillas de Costa Rica","description":"Su fuente de conocimiento filat\u00e9lico (estampillas, historia postal, timbres, tarjetas y mas!)","publisher":{"@id":"https:\/\/estampillascr.com\/blog-es\/#organization"},"potentialAction":[{"@type":"SearchAction","target":{"@type":"EntryPoint","urlTemplate":"https:\/\/estampillascr.com\/blog-es\/?s={search_term_string}"},"query-input":"required name=search_term_string"}],"inLanguage":"es"},{"@type":"Organization","@id":"https:\/\/estampillascr.com\/blog-es\/#organization","name":"Estampillas de Costa Rica","url":"https:\/\/estampillascr.com\/blog-es\/","logo":{"@type":"ImageObject","inLanguage":"es","@id":"https:\/\/estampillascr.com\/blog-es\/#\/schema\/logo\/image\/","url":"https:\/\/estampillascr.com\/blog-es\/wp-content\/uploads\/2017\/06\/cropped-logotienda.png","contentUrl":"https:\/\/estampillascr.com\/blog-es\/wp-content\/uploads\/2017\/06\/cropped-logotienda.png","width":988,"height":250,"caption":"Estampillas de Costa Rica"},"image":{"@id":"https:\/\/estampillascr.com\/blog-es\/#\/schema\/logo\/image\/"}}]}},"_links":{"self":[{"href":"https:\/\/estampillascr.com\/blog-es\/wp-json\/wp\/v2\/pages\/246","targetHints":{"allow":["GET"]}}],"collection":[{"href":"https:\/\/estampillascr.com\/blog-es\/wp-json\/wp\/v2\/pages"}],"about":[{"href":"https:\/\/estampillascr.com\/blog-es\/wp-json\/wp\/v2\/types\/page"}],"author":[{"embeddable":true,"href":"https:\/\/estampillascr.com\/blog-es\/wp-json\/wp\/v2\/users\/1"}],"replies":[{"embeddable":true,"href":"https:\/\/estampillascr.com\/blog-es\/wp-json\/wp\/v2\/comments?post=246"}],"version-history":[{"count":7,"href":"https:\/\/estampillascr.com\/blog-es\/wp-json\/wp\/v2\/pages\/246\/revisions"}],"predecessor-version":[{"id":667,"href":"https:\/\/estampillascr.com\/blog-es\/wp-json\/wp\/v2\/pages\/246\/revisions\/667"}],"wp:attachment":[{"href":"https:\/\/estampillascr.com\/blog-es\/wp-json\/wp\/v2\/media?parent=246"}],"curies":[{"name":"wp","href":"https:\/\/api.w.org\/{rel}","templated":true}]}}